20 - t**4/12 + t**3/3 + t**2/2 + 2*t. Let d be r(2). Let k = -2 + d. What is the highest common divisor of 28 and k?
7
Let o = -11 + 227. Suppose 0 = -2*c - 2*c + o. What is the greatest common divisor of c and 18?
18
Let j(z) = z + 3. Let i be j(0). Suppose i*r = 29 - 5. Suppose -x + r = -5. Calculate the highest common factor of x and 91.
13
Let s be (-3 + 0)/((-15)/145). What is the highest common divisor of 232 and s?
29
Let u be 1/((4/3)/4). Let p be 2/u - 53/3. Let t = p + 73. Calculate the greatest common factor of t and 8.
8
Let a(w) = w - 4. Let b be a(8). Suppose -5*q + v = -492, -b*q + 164 + 238 = 2*v. Calculate the highest common divisor of q and 11.
11
Let b(d) = 2*d**2 - 4*d + 2. Let j be b(2). Suppose 40 = j*h - 16. Suppose m = 4 + 3. Calculate the greatest common factor of m and h.
7
Let z(f) = 23*f**2 - 4*f + 3. Let i be 26/8 + (-1)/4. Let m be z(i). What is the greatest common divisor of 18 and m?
18
Let g be (8 - 1)/(2/6). Let u(i) = -i**3 + 8*i**2 - 5*i - 9. Let x be u(7). Suppose 21 - 91 = -x*z. Calculate the highest common factor of g and z.
7
Suppose -3*p + 33 = -3. Suppose -3*a = 11*a - 56. What is the highest common factor of a and p?
4
Suppose 11 = 2*x - 4*s + 1, -5*x + 25 = s. What is the highest common divisor of 35 and x?
5
Let a be (-15)/(-2)*(-13)/(117/(-6)). Suppose 0 = 2*t - 8, 0 = y - 5*t + 8 + 9. Let c be 15*y*(-2)/(-2). Calculate the highest common factor of a and c.
5
Suppose 0 = -8*x + 344 + 40. What is the greatest common factor of x and 6?
6
Let y(s) = -3*s + 22. Let c be y(-4). What is the highest common factor of c and 17?
17
Let r(y) = 3*y**2 + 10*y - 28. Let a be r(-9). What is the highest common factor of 25 and a?
25
Let c = 170 - 138. Calculate the greatest common divisor of c and 8.
8
Let m(f) = -7*f + 6. Let v be m(0). Calculate the highest common factor of 2 and v.
2
Suppose 0 = 4*m - 2*z - 49 + 13, -5*m = z - 38. What is the highest common factor of m and 152?
8
Let f(z) = -z**2 - 8*z + 1. Suppose -3*w = -w + 16. Let r be f(w). Let h(a) = 8*a**3 - a + 1. Let x be h(r). What is the highest common divisor of 72 and x?
8
Let h = -10 + 12. Let i = h - -4. Calculate the greatest common divisor of 30 and i.
6
Suppose -8*c - 12 = -12*c. What is the greatest common divisor of c and 3?
3
Let q(y) = 17*y + 2. Let p(u) = -34*u - 3. Let z(n) = 6*p(n) + 11*q(n). Let i be z(-4). What is the greatest common divisor of i and 8?
8
Let j = 19 + -14. Let m be 4/(j - -3)*48. Let s be (-1)/1*(-2 - 1). What is the greatest common divisor of s and m?
3
Let v be (-3 - -3)*-1 - 24. Let t = 36 + v. What is the greatest common divisor of 12 and t?
12
Let d(x) = -11*x**3 + 1. Let o be d(-1). Let l be (1/(-2))/((-2)/96). Calculate the highest common factor of l and o.
12
Suppose -2*b + 6*i - 3*i + 321 = 0, -341 = -2*b - i. What is the greatest common factor of b and 21?
21
Let m = 4 + -2. Let w = -95 - -141. Let k be m - -1 - w/(-2). What is the greatest common divisor of 65 and k?
13
Let d(g) = -g**3 + 7*g**2 + 9. Let l be d(7). Let y = -32 + 50. Calculate the highest common factor of y and l.
9
Suppose c - 5*c + 72 = 0. Suppose -2*v - 18 = -2*o - 0*v, 0 = 4*o + 5*v - c. Calculate the highest common divisor of o and 49.
7
Suppose -2*p + 80 = 5*m, 2*m + 37 = p - 3. What is the highest common divisor of p and 100?
20
Suppose -t = -71 - 28. What is the highest common divisor of t and 9?
9
Let j(v) = 2*v**2 - 6*v + 3. Let w be j(4). Let m be 2*33/(-9)*(-11 - 1). What is the highest common divisor of w and m?
11
Let w be (3/6)/((-2)/(-48)). Calculate the greatest common factor of 3 and w.
3
Suppose 3*j - 180 - 249 = 0. Let c be 2 + 12 + -7 + 6. What is the highest common divisor of c and j?
13
Let p(j) = j**2 - 7*j + 12. Let h be p(5). Calculate the highest common factor of h and 22.
2
Let q be (16/(-56))/(2/(-28)). Calculate the highest common divisor of q and 24.
4
Let t = -49 + 125. Calculate the greatest common factor of t and 19.
19
Let u(s) = -2*s - 9. Let b be u(-7). Let d = 12 - b. What is the highest common divisor of 56 and d?
7
Suppose -w = j + 3*j + 30, -5*j = 5*w + 30. Let z = -66 + 92. Let x be (-12)/j*z/3. Calculate the greatest common factor of 26 and x.
13
Let d be 1 - 2/3 - 32/(-12). What is the highest common divisor of d and 33?
3
Let l(y) = 12*y - 3. Let z be l(2). Suppose 15*k = 14*k + 14. Calculate the greatest common factor of k and z.
7
Suppose -95 = -4*b - 31. Suppose -2*a + b = -4. What is the greatest common factor of a and 30?
10
Suppose -17*c + 66 = -16*c. Calculate the greatest common divisor of 22 and c.
22
Let j be 2*(3/(-12) - (-195)/20). Let f = -51 - -87. Let p be 1*(2/1 + f). What is the highest common divisor of p and j?
19
Let i = -32 - -45. What is the greatest common factor of 117 and i?
13
Suppose 7*p - 4*p = 5*w + 15, -2*p + w + 10 = 0. Suppose -2*u + 0*u - 2*l + 100 = 0, -p*l = -2*u + 86. What is the highest common factor of 16 and u?
16
Let g be ((-4)/8)/(1/178). Let b = g - -225. Let q = 7 - -10. What is the greatest common divisor of q and b?
17
Let s(h) = -h**2 - h + 17. Let p be s(0). Suppose 0 = -k - 2, -78 = -3*g + 2*k - 23. What is the greatest common divisor of g and p?
17
Suppose -4*f - 1 = -2*x + 17, 0 = -2*x + 5*f + 21. Suppose x = -g - 11. Let z be (-212)/(-7) - (-4)/g. What is the highest common divisor of 12 and z?
6
Let p(q) = 89*q**2 + q. Let i be p(1). Suppose 0 = 8*t - 70 - 10. Calculate the greatest common factor of t and i.
10
Suppose 0 = -5*l + 4*p - 7 - 18, 3*p = -15. Let d be (-5)/((-6)/l - 1). Calculate the greatest common divisor of d and 120.
15
Suppose 2*p = 1 + 1. Suppose -k = -p - 5. Let x(a) = -8*a - 34. Let b be x(-8). Calculate the highest common divisor of b and k.
6
Suppose -4*t + 92 = -4*j, 2*t = -2*j - 4 + 46. Calculate the highest common divisor of t and 22.
22
Suppose -3*y - 5*r + 401 = 0, -r - 4*r - 655 = -5*y. Calculate the greatest common factor of 88 and y.
44
Suppose -5*x = 3 - 23. Let o be x/(-14) - 23/(-7). What is the highest common factor of o and 1?
1
Let m = 87 - 49. What is the highest common divisor of m and 2?
2
Let r be -12*((-2)/(-2) - 3). What is the greatest common factor of 108 and r?
12
Let q(r) = -12*r. Let o be q(-3). Let w be o/15 + (-10)/25. What is the highest common divisor of 1 and w?
1
Let j = 113 + -81. What is the greatest common factor of j and 4?
4
Let k(z) = 3*z**2 - 9*z - 2. Let b be k(9). Calculate the greatest common divisor of 8 and b.
8
Let s(z) = -z**2 + 5*z. Let a be s(5). Let k(c) = -2*c + 9. Let o be k(a). Let t = -57 + 129. Calculate the greatest common divisor of o and t.
9
Suppose 4*t - 3*m + m + 2 = 0, 20 = 4*m. Let g be -1*t - -2 - -1. Suppose 2*b - 3 - g = 0. What is the greatest common divisor of 8 and b?
2
Let n be 2/(-4 - (-42)/9). Suppose l - 13 = -3*w + 6*l, 3*l = 3. Let c be 58/w + 2/(-3). What is the highest common factor of c and n?
3
Let t be (-88)/(-5)*10/4. What is the highest common factor of 110 and t?
22
Let a(c) = -3*c - 8. Let w be a(-8). Let p = w + -10. Suppose -2*k - p = -4*j, 0 = 2*j + 2*j - 3*k - 7. Calculate the highest common factor of j and 7.
1
Suppose -2*o = 2*o - 16. Suppose -5*q + 5*n + 60 = 0, -2*q + 5*q = o*n + 38. Calculate the greatest common factor of q and 10.
10
Suppose 4*o - 22 = 22. Calculate the highest common divisor of 1 and o.
1
Let z be -1 - -3*(-16)/(-12). Suppose -2*b = z*b - 150. Let h be 79/4 - (-1)/4. Calculate the greatest common factor of b and h.
10
Let h(x) = 3*x - 10. Let z be h(9). Suppose 0 = 3*j - 0*j + 6. Let k be 120 - j/4*-2. What is the highest common factor of k and z?
17
Suppose 8 = -4*k + i, -5*k + 3*i + 0*i - 3 = 0. Let r = 6 + k. Suppose 0 = -5*h + 2*h - 12, r*h = -z - 1. Calculate the highest common divisor of z and 77.
11
Let u(c) be the first derivative of c**2/2 - c + 2. Let n be u(1). Suppose -3*m + m + 96 = n. What is the greatest common divisor of m and 32?
16
Suppose -w - 4*w = 0. Suppose 0*s = -s + b, 4*s - 2*b = w. Let j be 12 - (s - (1 + 0)). What is the greatest common factor of j and 39?
13
Let g be 2 + 89 + (-1 - 2). Calculate the greatest common divisor of 22 and g.
22
Let n = 6 + -6. Let w be n + (3 - 1) + 30. What is the greatest common divisor of w and 8?
8
Suppose 0*q + 198 = 3*q - 2*k, -198 = -3*q - 4*k. What 